- 18, -3*t - 5*d = -2*d - 27. Suppose -4*f + 7 = -37. Suppose t*w = f*w - 16. What is the remainder when 23 is divided by w?
7
What is the remainder when 303 is divided by 0 + 8 - -1 - -9?
15
Suppose -826 + 570 = -16*q. What is the remainder when 974 is divided by q?
14
Suppose -l - 4*c = -748, -3*c + 2*c = -3*l + 2283. Calculate the remainder when l/18 + 47/(-9) + 5 is divided by 11.
9
Suppose -3 = r - 9. Let i(j) = -j**2 + 2*j + 29. Let v be i(0). Let t = -6 + v. What is the remainder when t is divided by r?
5
Let k be (-2)/(-5) - (-8)/((-80)/(-46)). Suppose -k*h - 19 = -n + 11, -h = -n + 26. Calculate the remainder when n is divided by 14.
11
Suppose k = -2*u + 16, 2*k + 14 = u + 61. Calculate the remainder when k is divided by 8/3*1*3.
6
Let s(i) = -36*i - 4. Let l be s(-3). Suppose 4*x - l = -2*a, 3*a - x - 79 = a. What is the remainder when 82 is divided by a?
40
Let j = 7 - 3. Suppose 63 + 93 = j*x. Suppose 464 = 19*i + 39*i. Calculate the remainder when x is divided by i.
7
Let y be (-1 - 0)/((-2)/6). Suppose -2*p + y*p - 55 = -4*f, -4*p - 50 = -2*f. Let b = 1640 - 1612. Calculate the remainder when b is divided by f.
13
Let q(r) = 3*r**2 + 1. Let j(k) = -2*k**2 + k + 10. Suppose 2 = -3*z + 2*d - 2, 2*z - 5*d + 10 = 0. What is the remainder when j(z) is divided by q(1)?
2
Suppose 16 = 4*h - 4*s - 4, -5*h = s - 25. Suppose h - 47 = -j. Calculate the remainder when j is divided by 22.
20
Suppose 42 = -4*m + 210. Suppose -5*l + 0 = 5. What is the remainder when m is divided by ((-25)/10)/(l*3/18)?
12
Let w(t) = -t**2 - 10*t + 14. Let p be w(-11). Suppose p*v = -4*v + 287. What is the remainder when v is divided by 11?
8
Let n = 115 + 243. Calculate the remainder when n is divided by 36.
34
Let s(z) = 2*z**2 - 2*z. Suppose 43 - 21 = -2*y. What is the remainder when s(3) is divided by 26/(-143) + (-57)/y?
2
Let n(k) = 2*k**2 + 34*k - 109. What is the remainder when n(6) is divided by 28?
27
Suppose -25*p = -21*p + x - 63, -p = -2*x - 27. Calculate the remainder when 51 is divided by p.
0
Let u(c) = -c**2 - 2*c - 2. Let y be u(7). Let r = y + 114. What is the remainder when r is divided by 13?
10
Calculate the remainder when 69 is divided by (-384)/(-32)*3/4.
6
Let p be 6/2 + 450/5. Suppose -5*h + 87 = 3*f, -5*h + 3*f + 0*f + p = 0. What is the remainder when h is divided by 5?
3
Let c = 5 - -2. Let k(l) = l**3 + 2*l**2 - 2*l + 1. Let d be k(-2). What is the remainder when ((-18)/d)/(9/(-30)) is divided by c?
5
Let y(w) be the first derivative of -7*w**2/2 - 7*w + 7. Calculate the remainder when y(-4) is divided by 12.
9
Suppose 0*u = -u + 294. Calculate the remainder when u is divided by 36.
6
Let b(w) = -5*w - 5. Calculate the remainder when b(-5) is divided by 11.
9
Let v = -996 - -1266. Calculate the remainder when v is divided by 97.
76
What is the remainder when ((-49)/(-28))/((33/252)/11) is divided by 50?
47
Let l(u) = 21*u - 4. Let b be l(2). Let f = b - 29. What is the remainder when 16 is divided by f?
7
Suppose 97*w - 59*w - 114 = 0. Suppose -2*f = -0*f - 16. What is the remainder when f is divided by w?
2
Let z = -17 + 22. Suppose 3*c - f = 19, z*c - 18 = -2*f - 1. Calculate the remainder when (2/4)/((-4)/(-72)) is divided by c.
4
Let g be (180 - -3)*1/3. Suppose d + h - g = -3*d, d = h + 19. Suppose -9*s + 5*s = -184. Calculate the remainder when s is divided by d.
14
Let u = 134 + -130. Let f(c) = c**3 + 10*c**2 - 16*c - 30. What is the remainder when f(-11) is divided by u?
1
Suppose 0 = 6*h + 7*h - 416. Calculate the remainder when 125 is divided by h.
29
Suppose 2*i - 89 = -i + 5*m, 0 = -i + 2*m + 30. Calculate the remainder when 86 is divided by i.
2
Suppose -1821*k = -1814*k - 273. What is the remainder when 110 is divided by k?
32
Let w = 1 + -1. Suppose 0 = 3*k - 5*v + 34, -22 + 11 = -3*k - 4*v. What is the remainder when 42 is divided by (-32)/(-4) - (w + k)?
9
Suppose -5*x + 136 = -104. Let p be 1/(92/x + -2). Calculate the remainder when p/(-36) - 209/(-3) is divided by 24.
22
Let v(r) be the first derivative of -4*r**2 + 9*r - 2. Suppose -16*c - 67 = 45. What is the remainder when v(c) is divided by 17?
14
What is the remainder when 167 is divided by (63 - 77)*-2*(-12)/(-14)?
23
Let s = -1382 + 1416. What is the remainder when 227 is divided by s?
23
Let i = 181 - 79. What is the remainder when i is divided by 36?
30
Suppose -2*x + 16 = -2*z, z = 3*x - 0*z - 18. Let c = 795 + -792. What is the remainder when x is divided by c?
2
Let s(k) = -11*k - 21. Calculate the remainder when s(-5) is divided by 22.
12
Let z = -52 - -67. What is the remainder when 30 is divided by z?
0
Let w(l) = 4*l + 1. Let g be 2/(2 - 0) + 0. What is the remainder when 15 is divided by w(g)?
0
Suppose 6*n - 2*n = -a - 25, 4*n - a = -31. Calculate the remainder when 22 is divided by (-6)/4*((-14)/n - 6).
4
Let a = 512 - 498. Calculate the remainder when 167 is divided by a.
13
Let s(m) = 3*m - 78*m**2 + m**3 + 25 - 9 + 79*m**2. Calculate the remainder when s(0) is divided by 6.
4
Suppose -h + 27 = c, -h - c = -4*h + 61. Calculate the remainder when 63 is divided by h.
19
Suppose 51*j - 52*j + 22 = 0. What is the remainder when j is divided by 0 + 4 - (6 + -8)?
4
Suppose b = 5*h - 8, 0 = 3*h - 0*h - 15. Calculate the remainder when b is divided by (27/(-90)*-4)/(15/175).
3
What is the remainder when 811 is divided by (330/70 + -10)*(-1 + -6)?
34
Suppose 20 = 8*x - 28. Calculate the remainder when (-280)/(-6) - (-6)/(-9) is divided by x.
4
Let h(q) = 2*q + 2. Let x be (24/30)/((-2)/5). Let z(u) = -u - 1. Let j(l) = x*h(l) - 5*z(l). What is the remainder when 14 is divided by j(7)?
6
Let l = -472 + 488. Calculate the remainder when 24 is divided by l.
8
Suppose 0 = -a - 0 - 17. Let g = 32 + a. What is the remainder when 6/(-4)*176/(-6) is divided by g?
14
Suppose c - 1 = 0, -5*c - 10 + 0 = s. Let p = s + 27. Calculate the remainder when 82 is divided by p.
10
Let b be 1 + (-35)/14 - 2/4. Calculate the remainder when 24 is divided by b/6 - (-225)/27.
0
Calculate the remainder when 86 is divided by ((-360)/(-6))/2 + -7.
17
Let w(v) = v**2 + 8*v + 7. Let y be w(-7). Suppose y*o = -2*m + 5*o + 147, -5*m + 2*o + 420 = 0. Calculate the remainder when m is divided by 29.
28
Suppose 2*r = -r + 123. Suppose 3*b = -z + 3 + 32, z - b = 43. Suppose 3*s - z = -2*k, 4*s + 4*k = -0*k + 60. Calculate the remainder when r is divided by s.
8
Let z(i) = 4*i - 105. What is the remainder when 117 is divided by z(30)?
12
Let y = -22 - -21. What is the remainder when y/(1/93*-3) is divided by 17?
14
Let n(t) = -10*t - 4. Let j = 1083 + -1077. What is the remainder when n(-3) is divided by j?
2
Let o be 1/((-4)/(-32)*-1). Let r(l) = 5*l + 3. What is the remainder when r(8) is divided by (-182)/o - (-1)/4?
20
Suppose -52 + 20 = -4*o. Let z = o + 2. Let v(m) = m**2 - 10*m + 13. Calculate the remainder when v(z) is divided by 3.
1
Suppose u + 1 = 2*k, -5*u = 4*k - 19 - 18. Suppose -5*r + 25 = -5*m, -104*r + 99*r + 3*m = -27. Calculate the remainder when r is divided by k.
0
Let o = -81 + -50. Let j = o - -135. Calculate the remainder when 8 is divided by j.
0
Calculate the remainder when 84 is divided by (25 - 8)*(1 - 0).
16
Let w(k) = 11*k - 443. Calculate the remainder when 198 is divided by w(44).
34
Let d = 643 + -368. What is the remainder when d is divided by 31?
27
Suppose 190 = 27*f - 782. What is the remainder when 142 is divided by f?
34
Let n = 69 - 69. Suppose n*o - 232 = -4*o. Calculate the remainder when o is divided by 15.
13
Suppose 3*f = -5*k - 33 + 278, f - 95 = k. What is the remainder when f is divided by 49?
41
Suppose -12 = -3*u - 5*g, -2*g + g + 12 = 3*u. Suppose u*r = 2*r + 6. Suppose r*p = 3*h - 30, 5*p + 10 + 0 = 0. Calculate the remainder when 23 is divided by h.
7
Suppose 4*g - s = 2*s + 68, -5*s = -g. Calculate the remainder when 56 is divided by g.
16
Let c be -3*4/12*-2. Suppose 4*f - v = 146, c*f - 3*v = -6*v + 80. Calculate the remainder when f is divided by 10.
7
Suppose 4*j - 4 = 4*m, -10 = 2*j - 0*j + 4*m. Let f(y) be the third derivative of -y**4/3 - y**3/6 - 3*y**2. Calculate the remainder when 13 is divided by f(j).
6
Suppose 4*d - 5*p = -31, 2*p - 18 = d + 2*d. Calculate the remainder when 447/9 + d/(-12) is divided by 26.
24
Su